{"id":1026,"date":"2024-03-02T07:38:37","date_gmt":"2024-03-02T06:38:37","guid":{"rendered":"https:\/\/clairehodde.com\/preprod\/?page_id=1026"},"modified":"2024-03-02T07:38:38","modified_gmt":"2024-03-02T06:38:38","slug":"actualites-evenements-claire-hodde-artiste-peintre-contemporaire","status":"publish","type":"page","link":"https:\/\/clairehodde.com\/preprod\/actualites-evenements-claire-hodde-artiste-peintre-contemporaire\/","title":{"rendered":"Ev\u00e8nements \u00e0 venir"},"content":{"rendered":"\n<p>O\u00f9 me retrouver cette ann\u00e9e ?<\/p>\n\n\n\n<h2 class=\"wp-block-heading\">7\/03\/2024 Atelier de peinture fluide &#8211; maison de quartier Le Quart&rsquo;Ney<\/h2>\n\n\n\n<div class=\"wp-block-media-text is-stacked-on-mobile\" style=\"grid-template-columns:37% auto\"><figure class=\"wp-block-media-text__media\"><img loading=\"lazy\" decoding=\"async\" width=\"509\" height=\"720\" src=\"https:\/\/clairehodde.com\/preprod\/wp-content\/uploads\/2024\/03\/atelier-de-peinture-fluide-claire-hodde-angers-quartney.jpg\" alt=\"Flyer atelier de peinture fluide propos\u00e9 par Claire Hodd\u00e9 \u00e0 Angers \u00e0 la maison de quartier du Quart'Ney\" class=\"wp-image-1027 size-full\" srcset=\"https:\/\/clairehodde.com\/preprod\/wp-content\/uploads\/2024\/03\/atelier-de-peinture-fluide-claire-hodde-angers-quartney.jpg 509w, https:\/\/clairehodde.com\/preprod\/wp-content\/uploads\/2024\/03\/atelier-de-peinture-fluide-claire-hodde-angers-quartney-148x210.jpg 148w, https:\/\/clairehodde.com\/preprod\/wp-content\/uploads\/2024\/03\/atelier-de-peinture-fluide-claire-hodde-angers-quartney-212x300.jpg 212w, https:\/\/clairehodde.com\/preprod\/wp-content\/uploads\/2024\/03\/atelier-de-peinture-fluide-claire-hodde-angers-quartney-100x141.jpg 100w, https:\/\/clairehodde.com\/preprod\/wp-content\/uploads\/2024\/03\/atelier-de-peinture-fluide-claire-hodde-angers-quartney-150x212.jpg 150w, https:\/\/clairehodde.com\/preprod\/wp-content\/uploads\/2024\/03\/atelier-de-peinture-fluide-claire-hodde-angers-quartney-200x283.jpg 200w, https:\/\/clairehodde.com\/preprod\/wp-content\/uploads\/2024\/03\/atelier-de-peinture-fluide-claire-hodde-angers-quartney-300x424.jpg 300w, https:\/\/clairehodde.com\/preprod\/wp-content\/uploads\/2024\/03\/atelier-de-peinture-fluide-claire-hodde-angers-quartney-450x637.jpg 450w\" sizes=\"auto, (max-width: 509px) 100vw, 509px\" \/><\/figure><div class=\"wp-block-media-text__content\">\n<p>Je propose un temps d\u2019initiation \u00e0 la peinture fluide le jeudi 7 mars 2024 de 14h \u00e0 17h.<\/p>\n\n\n\n<p>Ouvert \u00e0 tous, enfant \u00e0 partir de 7 ans accompagn\u00e9 d\u2019un adulte.<\/p>\n\n\n\n<p>R\u00e9servation aupr\u00e8s de l\u2019accueil du Quart\u2019Ney (2 \u00e0 3\u20ac\/pers)<\/p>\n<\/div><\/div>\n\n\n\n<h2 class=\"wp-block-heading\">5 et 6\/10\/2024 Exposition \u00ab\u00a0Les arts en quartier\u00a0\u00bb &#8211; maison de quartier Le Quart&rsquo;Ney<\/h2>\n\n\n\n<div class=\"wp-block-media-text has-media-on-the-right is-stacked-on-mobile\"><div class=\"wp-block-media-text__content\">\n<p>Exposition valorisant les artistes locaux<\/p>\n\n\n\n<p>Plus d&rsquo;informations \u00e0 venir<\/p>\n<\/div><figure class=\"wp-block-media-text__media\"><\/figure><\/div>\n","protected":false},"excerpt":{"rendered":"<p>O\u00f9 me retrouver cette ann\u00e9e ? 7\/03\/2024 Atelier de peinture fluide &#8211; maison de quartier Le Quart&rsquo;Ney Je propose un temps d\u2019initiation \u00e0 la peinture fluide le jeudi 7 mars 2024 de 14h \u00e0 17h. Ouvert \u00e0 tous, enfant \u00e0 &hellip;<\/p>\n<p class=\"read-more\"> <a class=\"more-link\" href=\"https:\/\/clairehodde.com\/preprod\/actualites-evenements-claire-hodde-artiste-peintre-contemporaire\/\"> <span class=\"screen-reader-text\">Ev\u00e8nements \u00e0 venir<\/span> Read More &raquo;<\/a><\/p>\n","protected":false},"author":1,"featured_media":0,"parent":0,"menu_order":0,"comment_status":"closed","ping_status":"closed","template":"","meta":{"footnotes":""},"class_list":["post-1026","page","type-page","status-publish","hentry"],"yoast_head":"<!-- This site is optimized with the Yoast SEO plugin v27.3 - https:\/\/yoast.com\/product\/yoast-seo-wordpress\/ -->\n<title>Ev\u00e8nements \u00e0 venir - Claire Hodd\u00e9 - Artiste peintre<\/title>\n<meta name=\"description\" content=\"Expositions, ateliers, \u00e9v\u00e8nements \u00e0 venir et pass\u00e9s propos\u00e9s par Claire Hodd\u00e9, artiste peintre contemporaine\" \/>\n<meta name=\"robots\" content=\"index, follow, max-snippet:-1, max-image-preview:large, max-video-preview:-1\" \/>\n<link rel=\"canonical\" href=\"https:\/\/clairehodde.com\/preprod\/actualites-evenements-claire-hodde-artiste-peintre-contemporaire\/\" \/>\n<meta property=\"og:locale\" content=\"fr_FR\" \/>\n<meta property=\"og:type\" content=\"article\" \/>\n<meta property=\"og:title\" content=\"Ev\u00e8nements \u00e0 venir - Claire Hodd\u00e9 - Artiste peintre\" \/>\n<meta property=\"og:description\" content=\"Expositions, ateliers, \u00e9v\u00e8nements \u00e0 venir et pass\u00e9s propos\u00e9s par Claire Hodd\u00e9, artiste peintre contemporaine\" \/>\n<meta property=\"og:url\" content=\"https:\/\/clairehodde.com\/preprod\/actualites-evenements-claire-hodde-artiste-peintre-contemporaire\/\" \/>\n<meta property=\"og:site_name\" content=\"Claire Hodd\u00e9 - Artiste peintre\" \/>\n<meta property=\"article:publisher\" content=\"https:\/\/www.facebook.com\/clairehodde.art\/\" \/>\n<meta property=\"article:modified_time\" content=\"2024-03-02T06:38:38+00:00\" \/>\n<meta property=\"og:image\" content=\"https:\/\/clairehodde.com\/preprod\/wp-content\/uploads\/2024\/03\/atelier-de-peinture-fluide-claire-hodde-angers-quartney.jpg\" \/>\n<meta name=\"twitter:card\" content=\"summary_large_image\" \/>\n<meta name=\"twitter:label1\" content=\"Dur\u00e9e de lecture estim\u00e9e\" \/>\n\t<meta name=\"twitter:data1\" content=\"1 minute\" \/>\n<script type=\"application\/ld+json\" class=\"yoast-schema-graph\">{\"@context\":\"https:\\\/\\\/schema.org\",\"@graph\":[{\"@type\":\"WebPage\",\"@id\":\"https:\\\/\\\/clairehodde.com\\\/preprod\\\/actualites-evenements-claire-hodde-artiste-peintre-contemporaire\\\/\",\"url\":\"https:\\\/\\\/clairehodde.com\\\/preprod\\\/actualites-evenements-claire-hodde-artiste-peintre-contemporaire\\\/\",\"name\":\"Ev\u00e8nements \u00e0 venir - Claire Hodd\u00e9 - Artiste peintre\",\"isPartOf\":{\"@id\":\"https:\\\/\\\/clairehodde.com\\\/preprod\\\/#website\"},\"primaryImageOfPage\":{\"@id\":\"https:\\\/\\\/clairehodde.com\\\/preprod\\\/actualites-evenements-claire-hodde-artiste-peintre-contemporaire\\\/#primaryimage\"},\"image\":{\"@id\":\"https:\\\/\\\/clairehodde.com\\\/preprod\\\/actualites-evenements-claire-hodde-artiste-peintre-contemporaire\\\/#primaryimage\"},\"thumbnailUrl\":\"https:\\\/\\\/clairehodde.com\\\/preprod\\\/wp-content\\\/uploads\\\/2024\\\/03\\\/atelier-de-peinture-fluide-claire-hodde-angers-quartney.jpg\",\"datePublished\":\"2024-03-02T06:38:37+00:00\",\"dateModified\":\"2024-03-02T06:38:38+00:00\",\"description\":\"Expositions, ateliers, \u00e9v\u00e8nements \u00e0 venir et pass\u00e9s propos\u00e9s par Claire Hodd\u00e9, artiste peintre contemporaine\",\"breadcrumb\":{\"@id\":\"https:\\\/\\\/clairehodde.com\\\/preprod\\\/actualites-evenements-claire-hodde-artiste-peintre-contemporaire\\\/#breadcrumb\"},\"inLanguage\":\"fr-FR\",\"potentialAction\":[{\"@type\":\"ReadAction\",\"target\":[\"https:\\\/\\\/clairehodde.com\\\/preprod\\\/actualites-evenements-claire-hodde-artiste-peintre-contemporaire\\\/\"]}]},{\"@type\":\"ImageObject\",\"inLanguage\":\"fr-FR\",\"@id\":\"https:\\\/\\\/clairehodde.com\\\/preprod\\\/actualites-evenements-claire-hodde-artiste-peintre-contemporaire\\\/#primaryimage\",\"url\":\"https:\\\/\\\/clairehodde.com\\\/preprod\\\/wp-content\\\/uploads\\\/2024\\\/03\\\/atelier-de-peinture-fluide-claire-hodde-angers-quartney.jpg\",\"contentUrl\":\"https:\\\/\\\/clairehodde.com\\\/preprod\\\/wp-content\\\/uploads\\\/2024\\\/03\\\/atelier-de-peinture-fluide-claire-hodde-angers-quartney.jpg\",\"width\":509,\"height\":720,\"caption\":\"Atelier de peinture fluide propos\u00e9 par Claire Hodd\u00e9 \u00e0 Angers \u00e0 la maison de quartier du Quart'Ney\"},{\"@type\":\"BreadcrumbList\",\"@id\":\"https:\\\/\\\/clairehodde.com\\\/preprod\\\/actualites-evenements-claire-hodde-artiste-peintre-contemporaire\\\/#breadcrumb\",\"itemListElement\":[{\"@type\":\"ListItem\",\"position\":1,\"name\":\"Accueil\",\"item\":\"https:\\\/\\\/clairehodde.com\\\/preprod\\\/\"},{\"@type\":\"ListItem\",\"position\":2,\"name\":\"Ev\u00e8nements \u00e0 venir\"}]},{\"@type\":\"WebSite\",\"@id\":\"https:\\\/\\\/clairehodde.com\\\/preprod\\\/#website\",\"url\":\"https:\\\/\\\/clairehodde.com\\\/preprod\\\/\",\"name\":\"Claire Hodd\u00e9 - Artiste peintre\",\"description\":\"R\u00e9v\u00e9ler la force de la vie et les paysages de l\u2019\u00e2me\",\"publisher\":{\"@id\":\"https:\\\/\\\/clairehodde.com\\\/preprod\\\/#\\\/schema\\\/person\\\/d5a8c2047c056dcefe03253eca4d4378\"},\"potentialAction\":[{\"@type\":\"SearchAction\",\"target\":{\"@type\":\"EntryPoint\",\"urlTemplate\":\"https:\\\/\\\/clairehodde.com\\\/preprod\\\/?s={search_term_string}\"},\"query-input\":{\"@type\":\"PropertyValueSpecification\",\"valueRequired\":true,\"valueName\":\"search_term_string\"}}],\"inLanguage\":\"fr-FR\"},{\"@type\":[\"Person\",\"Organization\"],\"@id\":\"https:\\\/\\\/clairehodde.com\\\/preprod\\\/#\\\/schema\\\/person\\\/d5a8c2047c056dcefe03253eca4d4378\",\"name\":\"Claire Hodd\u00e9\",\"image\":{\"@type\":\"ImageObject\",\"inLanguage\":\"fr-FR\",\"@id\":\"https:\\\/\\\/clairehodde.com\\\/preprod\\\/wp-content\\\/uploads\\\/2022\\\/10\\\/IMG_20220901_110621_arbre_detail_p.jpg\",\"url\":\"https:\\\/\\\/clairehodde.com\\\/preprod\\\/wp-content\\\/uploads\\\/2022\\\/10\\\/IMG_20220901_110621_arbre_detail_p.jpg\",\"contentUrl\":\"https:\\\/\\\/clairehodde.com\\\/preprod\\\/wp-content\\\/uploads\\\/2022\\\/10\\\/IMG_20220901_110621_arbre_detail_p.jpg\",\"width\":800,\"height\":600,\"caption\":\"Claire Hodd\u00e9\"},\"logo\":{\"@id\":\"https:\\\/\\\/clairehodde.com\\\/preprod\\\/wp-content\\\/uploads\\\/2022\\\/10\\\/IMG_20220901_110621_arbre_detail_p.jpg\"},\"sameAs\":[\"http:\\\/\\\/clairehodde.com\",\"https:\\\/\\\/www.facebook.com\\\/clairehodde.art\\\/\",\"https:\\\/\\\/www.instagram.com\\\/clairehodde\\\/\"]}]}<\/script>\n<!-- \/ Yoast SEO plugin. -->","yoast_head_json":{"title":"Ev\u00e8nements \u00e0 venir - Claire Hodd\u00e9 - Artiste peintre","description":"Expositions, ateliers, \u00e9v\u00e8nements \u00e0 venir et pass\u00e9s propos\u00e9s par Claire Hodd\u00e9, artiste peintre contemporaine","robots":{"index":"index","follow":"follow","max-snippet":"max-snippet:-1","max-image-preview":"max-image-preview:large","max-video-preview":"max-video-preview:-1"},"canonical":"https:\/\/clairehodde.com\/preprod\/actualites-evenements-claire-hodde-artiste-peintre-contemporaire\/","og_locale":"fr_FR","og_type":"article","og_title":"Ev\u00e8nements \u00e0 venir - Claire Hodd\u00e9 - Artiste peintre","og_description":"Expositions, ateliers, \u00e9v\u00e8nements \u00e0 venir et pass\u00e9s propos\u00e9s par Claire Hodd\u00e9, artiste peintre contemporaine","og_url":"https:\/\/clairehodde.com\/preprod\/actualites-evenements-claire-hodde-artiste-peintre-contemporaire\/","og_site_name":"Claire Hodd\u00e9 - Artiste peintre","article_publisher":"https:\/\/www.facebook.com\/clairehodde.art\/","article_modified_time":"2024-03-02T06:38:38+00:00","og_image":[{"url":"https:\/\/clairehodde.com\/preprod\/wp-content\/uploads\/2024\/03\/atelier-de-peinture-fluide-claire-hodde-angers-quartney.jpg","type":"","width":"","height":""}],"twitter_card":"summary_large_image","twitter_misc":{"Dur\u00e9e de lecture estim\u00e9e":"1 minute"},"schema":{"@context":"https:\/\/schema.org","@graph":[{"@type":"WebPage","@id":"https:\/\/clairehodde.com\/preprod\/actualites-evenements-claire-hodde-artiste-peintre-contemporaire\/","url":"https:\/\/clairehodde.com\/preprod\/actualites-evenements-claire-hodde-artiste-peintre-contemporaire\/","name":"Ev\u00e8nements \u00e0 venir - Claire Hodd\u00e9 - Artiste peintre","isPartOf":{"@id":"https:\/\/clairehodde.com\/preprod\/#website"},"primaryImageOfPage":{"@id":"https:\/\/clairehodde.com\/preprod\/actualites-evenements-claire-hodde-artiste-peintre-contemporaire\/#primaryimage"},"image":{"@id":"https:\/\/clairehodde.com\/preprod\/actualites-evenements-claire-hodde-artiste-peintre-contemporaire\/#primaryimage"},"thumbnailUrl":"https:\/\/clairehodde.com\/preprod\/wp-content\/uploads\/2024\/03\/atelier-de-peinture-fluide-claire-hodde-angers-quartney.jpg","datePublished":"2024-03-02T06:38:37+00:00","dateModified":"2024-03-02T06:38:38+00:00","description":"Expositions, ateliers, \u00e9v\u00e8nements \u00e0 venir et pass\u00e9s propos\u00e9s par Claire Hodd\u00e9, artiste peintre contemporaine","breadcrumb":{"@id":"https:\/\/clairehodde.com\/preprod\/actualites-evenements-claire-hodde-artiste-peintre-contemporaire\/#breadcrumb"},"inLanguage":"fr-FR","potentialAction":[{"@type":"ReadAction","target":["https:\/\/clairehodde.com\/preprod\/actualites-evenements-claire-hodde-artiste-peintre-contemporaire\/"]}]},{"@type":"ImageObject","inLanguage":"fr-FR","@id":"https:\/\/clairehodde.com\/preprod\/actualites-evenements-claire-hodde-artiste-peintre-contemporaire\/#primaryimage","url":"https:\/\/clairehodde.com\/preprod\/wp-content\/uploads\/2024\/03\/atelier-de-peinture-fluide-claire-hodde-angers-quartney.jpg","contentUrl":"https:\/\/clairehodde.com\/preprod\/wp-content\/uploads\/2024\/03\/atelier-de-peinture-fluide-claire-hodde-angers-quartney.jpg","width":509,"height":720,"caption":"Atelier de peinture fluide propos\u00e9 par Claire Hodd\u00e9 \u00e0 Angers \u00e0 la maison de quartier du Quart'Ney"},{"@type":"BreadcrumbList","@id":"https:\/\/clairehodde.com\/preprod\/actualites-evenements-claire-hodde-artiste-peintre-contemporaire\/#breadcrumb","itemListElement":[{"@type":"ListItem","position":1,"name":"Accueil","item":"https:\/\/clairehodde.com\/preprod\/"},{"@type":"ListItem","position":2,"name":"Ev\u00e8nements \u00e0 venir"}]},{"@type":"WebSite","@id":"https:\/\/clairehodde.com\/preprod\/#website","url":"https:\/\/clairehodde.com\/preprod\/","name":"Claire Hodd\u00e9 - Artiste peintre","description":"R\u00e9v\u00e9ler la force de la vie et les paysages de l\u2019\u00e2me","publisher":{"@id":"https:\/\/clairehodde.com\/preprod\/#\/schema\/person\/d5a8c2047c056dcefe03253eca4d4378"},"potentialAction":[{"@type":"SearchAction","target":{"@type":"EntryPoint","urlTemplate":"https:\/\/clairehodde.com\/preprod\/?s={search_term_string}"},"query-input":{"@type":"PropertyValueSpecification","valueRequired":true,"valueName":"search_term_string"}}],"inLanguage":"fr-FR"},{"@type":["Person","Organization"],"@id":"https:\/\/clairehodde.com\/preprod\/#\/schema\/person\/d5a8c2047c056dcefe03253eca4d4378","name":"Claire Hodd\u00e9","image":{"@type":"ImageObject","inLanguage":"fr-FR","@id":"https:\/\/clairehodde.com\/preprod\/wp-content\/uploads\/2022\/10\/IMG_20220901_110621_arbre_detail_p.jpg","url":"https:\/\/clairehodde.com\/preprod\/wp-content\/uploads\/2022\/10\/IMG_20220901_110621_arbre_detail_p.jpg","contentUrl":"https:\/\/clairehodde.com\/preprod\/wp-content\/uploads\/2022\/10\/IMG_20220901_110621_arbre_detail_p.jpg","width":800,"height":600,"caption":"Claire Hodd\u00e9"},"logo":{"@id":"https:\/\/clairehodde.com\/preprod\/wp-content\/uploads\/2022\/10\/IMG_20220901_110621_arbre_detail_p.jpg"},"sameAs":["http:\/\/clairehodde.com","https:\/\/www.facebook.com\/clairehodde.art\/","https:\/\/www.instagram.com\/clairehodde\/"]}]}},"rttpg_featured_image_url":null,"rttpg_author":{"display_name":"Claire Hodd\u00e9","author_link":"https:\/\/clairehodde.com\/preprod\/author\/admin5576\/"},"rttpg_comment":0,"rttpg_category":null,"rttpg_excerpt":"O\u00f9 me retrouver cette ann\u00e9e ? 7\/03\/2024 Atelier de peinture fluide &#8211; maison de quartier Le Quart&rsquo;Ney Je propose un temps d\u2019initiation \u00e0 la peinture fluide le jeudi 7 mars 2024 de 14h \u00e0 17h. Ouvert \u00e0 tous, enfant \u00e0 &hellip; Ev\u00e8nements \u00e0 venir Read More &raquo;","_links":{"self":[{"href":"https:\/\/clairehodde.com\/preprod\/wp-json\/wp\/v2\/pages\/1026","targetHints":{"allow":["GET"]}}],"collection":[{"href":"https:\/\/clairehodde.com\/preprod\/wp-json\/wp\/v2\/pages"}],"about":[{"href":"https:\/\/clairehodde.com\/preprod\/wp-json\/wp\/v2\/types\/page"}],"author":[{"embeddable":true,"href":"https:\/\/clairehodde.com\/preprod\/wp-json\/wp\/v2\/users\/1"}],"replies":[{"embeddable":true,"href":"https:\/\/clairehodde.com\/preprod\/wp-json\/wp\/v2\/comments?post=1026"}],"version-history":[{"count":1,"href":"https:\/\/clairehodde.com\/preprod\/wp-json\/wp\/v2\/pages\/1026\/revisions"}],"predecessor-version":[{"id":1029,"href":"https:\/\/clairehodde.com\/preprod\/wp-json\/wp\/v2\/pages\/1026\/revisions\/1029"}],"wp:attachment":[{"href":"https:\/\/clairehodde.com\/preprod\/wp-json\/wp\/v2\/media?parent=1026"}],"curies":[{"name":"wp","href":"https:\/\/api.w.org\/{rel}","templated":true}]}}