{"id":586,"date":"2023-06-22T22:22:09","date_gmt":"2023-06-22T20:22:09","guid":{"rendered":"https:\/\/clairehodde.com\/?page_id=586"},"modified":"2024-02-12T18:59:35","modified_gmt":"2024-02-12T17:59:35","slug":"oeuvres-dessinees","status":"publish","type":"page","link":"https:\/\/clairehodde.com\/preprod\/oeuvres-dessinees\/","title":{"rendered":"\u0152uvres dessin\u00e9es"},"content":{"rendered":"\n<p>En mars 2023, \u00e0 l&rsquo;occasion d&rsquo;une rencontre avec une \u00e9quipe de <a href=\"https:\/\/www.prh-france.fr\/\" target=\"_blank\" rel=\"noreferrer noopener\">PRH France (\u00e9cole de formation en d\u00e9veloppement personnel)<\/a>, j&rsquo;ai r\u00e9alis\u00e9 les trois toiles ci-dessous.<\/p>\n\n\n\n<p>Ce que je mets, dans cette flamme montante et ondulante, c\u2019est mon amour de la vie. <strong>Ma vitalit\u00e9 profonde<\/strong>. Un cri au dedans de moi pour dire oui \u00e0 la vie. Un cri vibrant et ondulant. Un appel fluide, souple, mouvant. Un d\u00e9sir, une soif. Un feu.<\/p>\n\n\n\n<p>Je ne me lasse pas d\u2019admirer la force de la vie et ses possibles. Les multiples chemins qu\u2019elle prend. Sa cr\u00e9ativit\u00e9. Je veux croire que tout est possible. Tout.<\/p>\n\n\n\n<p>C\u2019est de cela que je veux t\u00e9moigner quand je peins.<\/p>\n\n\n\n<figure class=\"wp-block-image alignfull size-large\"><img loading=\"lazy\" decoding=\"async\" width=\"1024\" height=\"423\" src=\"https:\/\/clairehodde.com\/preprod\/wp-content\/uploads\/2023\/04\/Profondeurs_florales_123_p-1024x423.jpg\" alt=\"Trois panneaux dans les tons de bleus et de vert, avec des des pistils rouges vifs.\" class=\"wp-image-556\" srcset=\"https:\/\/clairehodde.com\/preprod\/wp-content\/uploads\/2023\/04\/Profondeurs_florales_123_p-1024x423.jpg 1024w, https:\/\/clairehodde.com\/preprod\/wp-content\/uploads\/2023\/04\/Profondeurs_florales_123_p-210x87.jpg 210w, https:\/\/clairehodde.com\/preprod\/wp-content\/uploads\/2023\/04\/Profondeurs_florales_123_p-1000x414.jpg 1000w, https:\/\/clairehodde.com\/preprod\/wp-content\/uploads\/2023\/04\/Profondeurs_florales_123_p-300x124.jpg 300w, https:\/\/clairehodde.com\/preprod\/wp-content\/uploads\/2023\/04\/Profondeurs_florales_123_p-768x318.jpg 768w, https:\/\/clairehodde.com\/preprod\/wp-content\/uploads\/2023\/04\/Profondeurs_florales_123_p-100x41.jpg 100w, https:\/\/clairehodde.com\/preprod\/wp-content\/uploads\/2023\/04\/Profondeurs_florales_123_p-150x62.jpg 150w, https:\/\/clairehodde.com\/preprod\/wp-content\/uploads\/2023\/04\/Profondeurs_florales_123_p-200x83.jpg 200w, https:\/\/clairehodde.com\/preprod\/wp-content\/uploads\/2023\/04\/Profondeurs_florales_123_p-450x186.jpg 450w, https:\/\/clairehodde.com\/preprod\/wp-content\/uploads\/2023\/04\/Profondeurs_florales_123_p-600x248.jpg 600w, https:\/\/clairehodde.com\/preprod\/wp-content\/uploads\/2023\/04\/Profondeurs_florales_123_p-900x372.jpg 900w, https:\/\/clairehodde.com\/preprod\/wp-content\/uploads\/2023\/04\/Profondeurs_florales_123_p.jpg 1400w\" sizes=\"auto, (max-width: 1024px) 100vw, 1024px\" \/><figcaption class=\"wp-element-caption\">Profondeurs florales &#8211; trois cartons toil\u00e9s de 24x30cm &#8211; Acrylique &#8211; 2023)<\/figcaption><\/figure>\n\n\n\n<p><\/p>\n\n\n\n<p class=\"has-text-align-center\">\ud83d\udd38\ud83d\udd38\ud83d\udd38<\/p>\n\n\n\n<p><\/p>\n\n\n\n<div class=\"wp-block-columns alignfull is-layout-flex wp-container-core-columns-is-layout-9d6595d7 wp-block-columns-is-layout-flex\">\n<div class=\"wp-block-column is-layout-flow wp-block-column-is-layout-flow\">\n<figure class=\"wp-block-image size-full\"><img loading=\"lazy\" decoding=\"async\" width=\"747\" height=\"1000\" src=\"https:\/\/clairehodde.com\/preprod\/wp-content\/uploads\/2023\/07\/celebrer-la-vie-1.jpg\" alt=\"Danseuse qui l\u00e8ve les bras et danse sur un fond vert naturel et \u00e9nergique\" class=\"wp-image-659\" srcset=\"https:\/\/clairehodde.com\/preprod\/wp-content\/uploads\/2023\/07\/celebrer-la-vie-1.jpg 747w, https:\/\/clairehodde.com\/preprod\/wp-content\/uploads\/2023\/07\/celebrer-la-vie-1-157x210.jpg 157w, https:\/\/clairehodde.com\/preprod\/wp-content\/uploads\/2023\/07\/celebrer-la-vie-1-224x300.jpg 224w, https:\/\/clairehodde.com\/preprod\/wp-content\/uploads\/2023\/07\/celebrer-la-vie-1-100x134.jpg 100w, https:\/\/clairehodde.com\/preprod\/wp-content\/uploads\/2023\/07\/celebrer-la-vie-1-150x201.jpg 150w, https:\/\/clairehodde.com\/preprod\/wp-content\/uploads\/2023\/07\/celebrer-la-vie-1-200x268.jpg 200w, https:\/\/clairehodde.com\/preprod\/wp-content\/uploads\/2023\/07\/celebrer-la-vie-1-300x402.jpg 300w, https:\/\/clairehodde.com\/preprod\/wp-content\/uploads\/2023\/07\/celebrer-la-vie-1-450x602.jpg 450w, https:\/\/clairehodde.com\/preprod\/wp-content\/uploads\/2023\/07\/celebrer-la-vie-1-600x803.jpg 600w\" sizes=\"auto, (max-width: 747px) 100vw, 747px\" \/><figcaption class=\"wp-element-caption\">C\u00e9l\u00e9brer la vie #1 &#8211; toile de coton sur ch\u00e2ssis de 40x30x4cm &#8211; Acrylique &#8211; 2023<\/figcaption><\/figure>\n<\/div>\n\n\n\n<div class=\"wp-block-column is-vertically-aligned-center is-layout-flow wp-block-column-is-layout-flow\">\n<p class=\"has-text-align-center\"><strong>L&rsquo;importance du corps<\/strong><\/p>\n\n\n\n<p class=\"has-text-align-center\">Il fait entrer la vie en moi par le mouvement, l&rsquo;action.<br>Tout passe par le corps.<\/p>\n\n\n\n<p class=\"has-text-align-center\">Le lieu de l&rsquo;\u00eatre, c&rsquo;est le corps, en chacune de nos cellules.<\/p>\n\n\n\n<p class=\"has-text-align-center\">Le corps porte la vie, sans lui, je ne peux pas vivre.<\/p>\n\n\n\n<p class=\"has-text-align-center\">Le corps vibre au rythme de l&rsquo;Univers, il se fait le t\u00e9moin de la force de vie du monde.<\/p>\n\n\n\n<p class=\"has-text-align-center\">C&rsquo;est par le corps que j&rsquo;ai choisi de vivre, malgr\u00e9 ma maladie.<\/p>\n\n\n\n<p class=\"has-text-align-center\">Je peins le chemin de ma r\u00e9silience.<\/p>\n\n\n\n<p class=\"has-text-align-center\">Mon corps c\u00e9l\u00e8bre la vie qu&rsquo;il donne et qu&rsquo;il re\u00e7oit<\/p>\n<\/div>\n<\/div>\n\n\n\n<p><\/p>\n\n\n\n<p class=\"has-text-align-center\">\ud83d\udd38\ud83d\udd38\ud83d\udd38<\/p>\n\n\n\n<p><\/p>\n\n\n\n<p>Invitation \u00e0 <strong>se vivre en libert\u00e9<\/strong> :<\/p>\n\n\n\n<p>Invitation \u00e0 prendre du recul sur la vie, s\u2019ouvrir et ajuster son point de vue face aux diff\u00e9rents chemins qui s\u2019offrent \u00e0 soi. <\/p>\n\n\n\n<p>Joie, prudence, fiert\u00e9, courage, risque\u2026 sont quelques exemples d\u2019attitudes que l\u2019on choisit d\u2019endosser pour avoir la joie d\u2019oser faire grandir et r\u00e9v\u00e9ler qui on est. <\/p>\n\n\n\n<p>Attitudes qui nous poussent \u00e0 faire des choix pour devenir davantage qui on est, et mettre au jour ce pour quoi on est fait.<\/p>\n\n\n\n<figure class=\"wp-block-image alignfull size-full\"><img loading=\"lazy\" decoding=\"async\" width=\"1000\" height=\"333\" src=\"https:\/\/clairehodde.com\/preprod\/wp-content\/uploads\/2023\/06\/Vivre-libre_p.jpg\" alt=\"&quot;Vivre ma libert\u00e9&quot; : Cinq personnages \u00e9voluent sur des chemins diff\u00e9rents, avec des attides de joie, fiert\u00e9, courage, \u00e9quilibre, prudence.\" class=\"wp-image-591\" srcset=\"https:\/\/clairehodde.com\/preprod\/wp-content\/uploads\/2023\/06\/Vivre-libre_p.jpg 1000w, https:\/\/clairehodde.com\/preprod\/wp-content\/uploads\/2023\/06\/Vivre-libre_p-210x70.jpg 210w, https:\/\/clairehodde.com\/preprod\/wp-content\/uploads\/2023\/06\/Vivre-libre_p-300x100.jpg 300w, https:\/\/clairehodde.com\/preprod\/wp-content\/uploads\/2023\/06\/Vivre-libre_p-768x256.jpg 768w, https:\/\/clairehodde.com\/preprod\/wp-content\/uploads\/2023\/06\/Vivre-libre_p-100x33.jpg 100w, https:\/\/clairehodde.com\/preprod\/wp-content\/uploads\/2023\/06\/Vivre-libre_p-150x50.jpg 150w, https:\/\/clairehodde.com\/preprod\/wp-content\/uploads\/2023\/06\/Vivre-libre_p-200x67.jpg 200w, https:\/\/clairehodde.com\/preprod\/wp-content\/uploads\/2023\/06\/Vivre-libre_p-450x150.jpg 450w, https:\/\/clairehodde.com\/preprod\/wp-content\/uploads\/2023\/06\/Vivre-libre_p-600x200.jpg 600w, https:\/\/clairehodde.com\/preprod\/wp-content\/uploads\/2023\/06\/Vivre-libre_p-900x300.jpg 900w\" sizes=\"auto, (max-width: 1000px) 100vw, 1000px\" \/><figcaption class=\"wp-element-caption\">Vivre ma libert\u00e9 &#8211; toile de coton sur ch\u00e2ssis de 40x120x1,8cm &#8211; Acrylique &#8211; 2023<\/figcaption><\/figure>\n","protected":false},"excerpt":{"rendered":"<p>En mars 2023, \u00e0 l&rsquo;occasion d&rsquo;une rencontre avec une \u00e9quipe de PRH France (\u00e9cole de formation en d\u00e9veloppement personnel), j&rsquo;ai r\u00e9alis\u00e9 les trois toiles ci-dessous. Ce que je mets, dans cette flamme montante et ondulante, c\u2019est mon amour de la &hellip;<\/p>\n<p class=\"read-more\"> <a class=\"more-link\" href=\"https:\/\/clairehodde.com\/preprod\/oeuvres-dessinees\/\"> <span class=\"screen-reader-text\">\u0152uvres dessin\u00e9es<\/span> Read More &raquo;<\/a><\/p>\n","protected":false},"author":1,"featured_media":0,"parent":0,"menu_order":0,"comment_status":"closed","ping_status":"closed","template":"full-width-page.php","meta":{"footnotes":""},"class_list":["post-586","page","type-page","status-publish","hentry"],"yoast_head":"<!-- This site is optimized with the Yoast SEO plugin v27.3 - https:\/\/yoast.com\/product\/yoast-seo-wordpress\/ -->\n<title>\u0152uvres dessin\u00e9es - Claire Hodd\u00e9 - Artiste peintre<\/title>\n<meta name=\"description\" content=\"\u0152uvres dessin\u00e9es au pinceau ou au crayon en lien avec un chemin int\u00e9rieur. Je cherche \u00e0 nourrir une flamme de vie en chacun de nous.\" \/>\n<meta name=\"robots\" content=\"index, follow, max-snippet:-1, max-image-preview:large, max-video-preview:-1\" \/>\n<link rel=\"canonical\" href=\"https:\/\/clairehodde.com\/preprod\/oeuvres-dessinees\/\" \/>\n<meta property=\"og:locale\" content=\"fr_FR\" \/>\n<meta property=\"og:type\" content=\"article\" \/>\n<meta property=\"og:title\" content=\"\u0152uvres dessin\u00e9es - Claire Hodd\u00e9 - Artiste peintre\" \/>\n<meta property=\"og:description\" content=\"\u0152uvres dessin\u00e9es au pinceau ou au crayon en lien avec un chemin int\u00e9rieur. Je cherche \u00e0 nourrir une flamme de vie en chacun de nous.\" \/>\n<meta property=\"og:url\" content=\"https:\/\/clairehodde.com\/preprod\/oeuvres-dessinees\/\" \/>\n<meta property=\"og:site_name\" content=\"Claire Hodd\u00e9 - Artiste peintre\" \/>\n<meta property=\"article:publisher\" content=\"https:\/\/www.facebook.com\/clairehodde.art\/\" \/>\n<meta property=\"article:modified_time\" content=\"2024-02-12T17:59:35+00:00\" \/>\n<meta property=\"og:image\" content=\"https:\/\/clairehodde.com\/preprod\/wp-content\/uploads\/2023\/04\/Profondeurs_florales_123_p-1024x423.jpg\" \/>\n<meta name=\"twitter:card\" content=\"summary_large_image\" \/>\n<meta name=\"twitter:label1\" content=\"Dur\u00e9e de lecture estim\u00e9e\" \/>\n\t<meta name=\"twitter:data1\" content=\"3 minutes\" \/>\n<script type=\"application\/ld+json\" class=\"yoast-schema-graph\">{\"@context\":\"https:\\\/\\\/schema.org\",\"@graph\":[{\"@type\":\"WebPage\",\"@id\":\"https:\\\/\\\/clairehodde.com\\\/preprod\\\/oeuvres-dessinees\\\/\",\"url\":\"https:\\\/\\\/clairehodde.com\\\/preprod\\\/oeuvres-dessinees\\\/\",\"name\":\"\u0152uvres dessin\u00e9es - Claire Hodd\u00e9 - Artiste peintre\",\"isPartOf\":{\"@id\":\"https:\\\/\\\/clairehodde.com\\\/preprod\\\/#website\"},\"primaryImageOfPage\":{\"@id\":\"https:\\\/\\\/clairehodde.com\\\/preprod\\\/oeuvres-dessinees\\\/#primaryimage\"},\"image\":{\"@id\":\"https:\\\/\\\/clairehodde.com\\\/preprod\\\/oeuvres-dessinees\\\/#primaryimage\"},\"thumbnailUrl\":\"https:\\\/\\\/clairehodde.com\\\/preprod\\\/wp-content\\\/uploads\\\/2023\\\/04\\\/Profondeurs_florales_123_p-1024x423.jpg\",\"datePublished\":\"2023-06-22T20:22:09+00:00\",\"dateModified\":\"2024-02-12T17:59:35+00:00\",\"description\":\"\u0152uvres dessin\u00e9es au pinceau ou au crayon en lien avec un chemin int\u00e9rieur. Je cherche \u00e0 nourrir une flamme de vie en chacun de nous.\",\"breadcrumb\":{\"@id\":\"https:\\\/\\\/clairehodde.com\\\/preprod\\\/oeuvres-dessinees\\\/#breadcrumb\"},\"inLanguage\":\"fr-FR\",\"potentialAction\":[{\"@type\":\"ReadAction\",\"target\":[\"https:\\\/\\\/clairehodde.com\\\/preprod\\\/oeuvres-dessinees\\\/\"]}]},{\"@type\":\"ImageObject\",\"inLanguage\":\"fr-FR\",\"@id\":\"https:\\\/\\\/clairehodde.com\\\/preprod\\\/oeuvres-dessinees\\\/#primaryimage\",\"url\":\"https:\\\/\\\/clairehodde.com\\\/preprod\\\/wp-content\\\/uploads\\\/2023\\\/04\\\/Profondeurs_florales_123_p.jpg\",\"contentUrl\":\"https:\\\/\\\/clairehodde.com\\\/preprod\\\/wp-content\\\/uploads\\\/2023\\\/04\\\/Profondeurs_florales_123_p.jpg\",\"width\":1400,\"height\":579,\"caption\":\"Profondeurs florales\"},{\"@type\":\"BreadcrumbList\",\"@id\":\"https:\\\/\\\/clairehodde.com\\\/preprod\\\/oeuvres-dessinees\\\/#breadcrumb\",\"itemListElement\":[{\"@type\":\"ListItem\",\"position\":1,\"name\":\"Accueil\",\"item\":\"https:\\\/\\\/clairehodde.com\\\/preprod\\\/\"},{\"@type\":\"ListItem\",\"position\":2,\"name\":\"\u0152uvres dessin\u00e9es\"}]},{\"@type\":\"WebSite\",\"@id\":\"https:\\\/\\\/clairehodde.com\\\/preprod\\\/#website\",\"url\":\"https:\\\/\\\/clairehodde.com\\\/preprod\\\/\",\"name\":\"Claire Hodd\u00e9 - Artiste peintre\",\"description\":\"R\u00e9v\u00e9ler la force de la vie et les paysages de l\u2019\u00e2me\",\"publisher\":{\"@id\":\"https:\\\/\\\/clairehodde.com\\\/preprod\\\/#\\\/schema\\\/person\\\/d5a8c2047c056dcefe03253eca4d4378\"},\"potentialAction\":[{\"@type\":\"SearchAction\",\"target\":{\"@type\":\"EntryPoint\",\"urlTemplate\":\"https:\\\/\\\/clairehodde.com\\\/preprod\\\/?s={search_term_string}\"},\"query-input\":{\"@type\":\"PropertyValueSpecification\",\"valueRequired\":true,\"valueName\":\"search_term_string\"}}],\"inLanguage\":\"fr-FR\"},{\"@type\":[\"Person\",\"Organization\"],\"@id\":\"https:\\\/\\\/clairehodde.com\\\/preprod\\\/#\\\/schema\\\/person\\\/d5a8c2047c056dcefe03253eca4d4378\",\"name\":\"Claire Hodd\u00e9\",\"image\":{\"@type\":\"ImageObject\",\"inLanguage\":\"fr-FR\",\"@id\":\"https:\\\/\\\/clairehodde.com\\\/preprod\\\/wp-content\\\/uploads\\\/2022\\\/10\\\/IMG_20220901_110621_arbre_detail_p.jpg\",\"url\":\"https:\\\/\\\/clairehodde.com\\\/preprod\\\/wp-content\\\/uploads\\\/2022\\\/10\\\/IMG_20220901_110621_arbre_detail_p.jpg\",\"contentUrl\":\"https:\\\/\\\/clairehodde.com\\\/preprod\\\/wp-content\\\/uploads\\\/2022\\\/10\\\/IMG_20220901_110621_arbre_detail_p.jpg\",\"width\":800,\"height\":600,\"caption\":\"Claire Hodd\u00e9\"},\"logo\":{\"@id\":\"https:\\\/\\\/clairehodde.com\\\/preprod\\\/wp-content\\\/uploads\\\/2022\\\/10\\\/IMG_20220901_110621_arbre_detail_p.jpg\"},\"sameAs\":[\"http:\\\/\\\/clairehodde.com\",\"https:\\\/\\\/www.facebook.com\\\/clairehodde.art\\\/\",\"https:\\\/\\\/www.instagram.com\\\/clairehodde\\\/\"]}]}<\/script>\n<!-- \/ Yoast SEO plugin. -->","yoast_head_json":{"title":"\u0152uvres dessin\u00e9es - Claire Hodd\u00e9 - Artiste peintre","description":"\u0152uvres dessin\u00e9es au pinceau ou au crayon en lien avec un chemin int\u00e9rieur. Je cherche \u00e0 nourrir une flamme de vie en chacun de nous.","robots":{"index":"index","follow":"follow","max-snippet":"max-snippet:-1","max-image-preview":"max-image-preview:large","max-video-preview":"max-video-preview:-1"},"canonical":"https:\/\/clairehodde.com\/preprod\/oeuvres-dessinees\/","og_locale":"fr_FR","og_type":"article","og_title":"\u0152uvres dessin\u00e9es - Claire Hodd\u00e9 - Artiste peintre","og_description":"\u0152uvres dessin\u00e9es au pinceau ou au crayon en lien avec un chemin int\u00e9rieur. Je cherche \u00e0 nourrir une flamme de vie en chacun de nous.","og_url":"https:\/\/clairehodde.com\/preprod\/oeuvres-dessinees\/","og_site_name":"Claire Hodd\u00e9 - Artiste peintre","article_publisher":"https:\/\/www.facebook.com\/clairehodde.art\/","article_modified_time":"2024-02-12T17:59:35+00:00","og_image":[{"url":"https:\/\/clairehodde.com\/preprod\/wp-content\/uploads\/2023\/04\/Profondeurs_florales_123_p-1024x423.jpg","type":"","width":"","height":""}],"twitter_card":"summary_large_image","twitter_misc":{"Dur\u00e9e de lecture estim\u00e9e":"3 minutes"},"schema":{"@context":"https:\/\/schema.org","@graph":[{"@type":"WebPage","@id":"https:\/\/clairehodde.com\/preprod\/oeuvres-dessinees\/","url":"https:\/\/clairehodde.com\/preprod\/oeuvres-dessinees\/","name":"\u0152uvres dessin\u00e9es - Claire Hodd\u00e9 - Artiste peintre","isPartOf":{"@id":"https:\/\/clairehodde.com\/preprod\/#website"},"primaryImageOfPage":{"@id":"https:\/\/clairehodde.com\/preprod\/oeuvres-dessinees\/#primaryimage"},"image":{"@id":"https:\/\/clairehodde.com\/preprod\/oeuvres-dessinees\/#primaryimage"},"thumbnailUrl":"https:\/\/clairehodde.com\/preprod\/wp-content\/uploads\/2023\/04\/Profondeurs_florales_123_p-1024x423.jpg","datePublished":"2023-06-22T20:22:09+00:00","dateModified":"2024-02-12T17:59:35+00:00","description":"\u0152uvres dessin\u00e9es au pinceau ou au crayon en lien avec un chemin int\u00e9rieur. Je cherche \u00e0 nourrir une flamme de vie en chacun de nous.","breadcrumb":{"@id":"https:\/\/clairehodde.com\/preprod\/oeuvres-dessinees\/#breadcrumb"},"inLanguage":"fr-FR","potentialAction":[{"@type":"ReadAction","target":["https:\/\/clairehodde.com\/preprod\/oeuvres-dessinees\/"]}]},{"@type":"ImageObject","inLanguage":"fr-FR","@id":"https:\/\/clairehodde.com\/preprod\/oeuvres-dessinees\/#primaryimage","url":"https:\/\/clairehodde.com\/preprod\/wp-content\/uploads\/2023\/04\/Profondeurs_florales_123_p.jpg","contentUrl":"https:\/\/clairehodde.com\/preprod\/wp-content\/uploads\/2023\/04\/Profondeurs_florales_123_p.jpg","width":1400,"height":579,"caption":"Profondeurs florales"},{"@type":"BreadcrumbList","@id":"https:\/\/clairehodde.com\/preprod\/oeuvres-dessinees\/#breadcrumb","itemListElement":[{"@type":"ListItem","position":1,"name":"Accueil","item":"https:\/\/clairehodde.com\/preprod\/"},{"@type":"ListItem","position":2,"name":"\u0152uvres dessin\u00e9es"}]},{"@type":"WebSite","@id":"https:\/\/clairehodde.com\/preprod\/#website","url":"https:\/\/clairehodde.com\/preprod\/","name":"Claire Hodd\u00e9 - Artiste peintre","description":"R\u00e9v\u00e9ler la force de la vie et les paysages de l\u2019\u00e2me","publisher":{"@id":"https:\/\/clairehodde.com\/preprod\/#\/schema\/person\/d5a8c2047c056dcefe03253eca4d4378"},"potentialAction":[{"@type":"SearchAction","target":{"@type":"EntryPoint","urlTemplate":"https:\/\/clairehodde.com\/preprod\/?s={search_term_string}"},"query-input":{"@type":"PropertyValueSpecification","valueRequired":true,"valueName":"search_term_string"}}],"inLanguage":"fr-FR"},{"@type":["Person","Organization"],"@id":"https:\/\/clairehodde.com\/preprod\/#\/schema\/person\/d5a8c2047c056dcefe03253eca4d4378","name":"Claire Hodd\u00e9","image":{"@type":"ImageObject","inLanguage":"fr-FR","@id":"https:\/\/clairehodde.com\/preprod\/wp-content\/uploads\/2022\/10\/IMG_20220901_110621_arbre_detail_p.jpg","url":"https:\/\/clairehodde.com\/preprod\/wp-content\/uploads\/2022\/10\/IMG_20220901_110621_arbre_detail_p.jpg","contentUrl":"https:\/\/clairehodde.com\/preprod\/wp-content\/uploads\/2022\/10\/IMG_20220901_110621_arbre_detail_p.jpg","width":800,"height":600,"caption":"Claire Hodd\u00e9"},"logo":{"@id":"https:\/\/clairehodde.com\/preprod\/wp-content\/uploads\/2022\/10\/IMG_20220901_110621_arbre_detail_p.jpg"},"sameAs":["http:\/\/clairehodde.com","https:\/\/www.facebook.com\/clairehodde.art\/","https:\/\/www.instagram.com\/clairehodde\/"]}]}},"rttpg_featured_image_url":null,"rttpg_author":{"display_name":"Claire Hodd\u00e9","author_link":"https:\/\/clairehodde.com\/preprod\/author\/admin5576\/"},"rttpg_comment":0,"rttpg_category":null,"rttpg_excerpt":"En mars 2023, \u00e0 l&rsquo;occasion d&rsquo;une rencontre avec une \u00e9quipe de PRH France (\u00e9cole de formation en d\u00e9veloppement personnel), j&rsquo;ai r\u00e9alis\u00e9 les trois toiles ci-dessous. Ce que je mets, dans cette flamme montante et ondulante, c\u2019est mon amour de la &hellip; \u0152uvres dessin\u00e9es Read More &raquo;","_links":{"self":[{"href":"https:\/\/clairehodde.com\/preprod\/wp-json\/wp\/v2\/pages\/586","targetHints":{"allow":["GET"]}}],"collection":[{"href":"https:\/\/clairehodde.com\/preprod\/wp-json\/wp\/v2\/pages"}],"about":[{"href":"https:\/\/clairehodde.com\/preprod\/wp-json\/wp\/v2\/types\/page"}],"author":[{"embeddable":true,"href":"https:\/\/clairehodde.com\/preprod\/wp-json\/wp\/v2\/users\/1"}],"replies":[{"embeddable":true,"href":"https:\/\/clairehodde.com\/preprod\/wp-json\/wp\/v2\/comments?post=586"}],"version-history":[{"count":26,"href":"https:\/\/clairehodde.com\/preprod\/wp-json\/wp\/v2\/pages\/586\/revisions"}],"predecessor-version":[{"id":673,"href":"https:\/\/clairehodde.com\/preprod\/wp-json\/wp\/v2\/pages\/586\/revisions\/673"}],"wp:attachment":[{"href":"https:\/\/clairehodde.com\/preprod\/wp-json\/wp\/v2\/media?parent=586"}],"curies":[{"name":"wp","href":"https:\/\/api.w.org\/{rel}","templated":true}]}}